n base 16, what is -19c2 + -1?
-19c3
In base 3, what is -11 - -201000?
200212
In base 12, what is 0 - -51?
51
In base 15, what is -4238 - 5?
-423d
In base 8, what is 2 + -52?
-50
In base 5, what is 42 - 2044?
-2002
In base 12, what is 5 + -8?
-3
In base 8, what is -3 - 4?
-7
In base 8, what is -210 + 0?
-210
In base 9, what is 5 - 644?
-638
In base 13, what is -b1 + -a?
-bb
In base 12, what is 53b - -1?
540
In base 10, what is -5 + -657?
-662
In base 13, what is 9 + -871?
-865
In base 2, what is 100010 - 10?
100000
In base 10, what is 4773 + -4?
4769
In base 12, what is -160 - -3?
-159
In base 12, what is -15 - -a0?
87
In base 4, what is 1 - 121?
-120
In base 12, what is -5210 - -5?
-5207
In base 6, what is -45 + -33?
-122
In base 6, what is -11 + 35?
24
In base 2, what is -100 - -100101100?
100101000
In base 14, what is 2 - -344?
346
In base 12, what is -5 + 30?
27
In base 2, what is 100001001 - 1?
100001000
In base 14, what is -2 - -61?
5d
In base 12, what is -29a - 3?
-2a1
In base 5, what is -143 - 0?
-143
In base 16, what is 4f - -5?
54
In base 8, what is -1515 + 1?
-1514
In base 4, what is 10 + 23120?
23130
In base 16, what is -3 + -25c?
-25f
In base 12, what is -557 + -3?
-55a
In base 2, what is 1111 + -1010?
101
In base 4, what is -1100 + 1310?
210
In base 10, what is -92 - 22?
-114
In base 10, what is 79 + -43?
36
In base 16, what is 1f + -57?
-38
In base 11, what is 4 - -3?
7
In base 2, what is 100011111 - 10011?
100001100
In base 3, what is -1011020 - -2?
-1011011
In base 16, what is 0 + d?
d
In base 13, what is 3 + 421?
424
In base 6, what is 3 - 2341?
-2334
In base 13, what is 4 + -6c8?
-6c4
In base 11, what is 8a9 - -2?
900
In base 13, what is -4b + -5?
-53
In base 4, what is 11 - 12112?
-12101
In base 14, what is 4 + -2a?
-26
In base 14, what is 4 + -53?
-4d
In base 3, what is -21 + -2001?
-2022
In base 5, what is -32 + -20?
-102
In base 5, what is 30 + 143?
223
In base 12, what is -2 - -99?
97
In base 3, what is 122 - 210?
-11
In base 7, what is 125 - 451?
-323
In base 15, what is -5 - -ee?
e9
In base 7, what is 6 - -163?
202
In base 2, what is -110 - 1110010?
-1111000
In base 3, what is 2 + -12001020?
-12001011
In base 16, what is -447 - -5?
-442
In base 12, what is -269 - -b?
-25a
In base 9, what is 3 + -32?
-28
In base 13, what is 82 + -4?
7b
In base 15, what is -2 + e?
c
In base 2, what is -110000110 - 11?
-110001001
In base 8, what is -20504 + 1?
-20503
In base 10, what is 4 + -248?
-244
In base 15, what is -1d1 - 1?
-1d2
In base 16, what is -3a - 9?
-43
In base 13, what is 5 - 28?
-23
In base 11, what is 163a + -4?
1636
In base 16, what is 12 + -3?
f
In base 10, what is -22 - -9?
-13
In base 8, what is -16232 + 3?
-16227
In base 10, what is -428 + -24?
-452
In base 7, what is -31026 + 1?
-31025
In base 16, what is -19 - -36?
1d
In base 4, what is 11 - 2211?
-2200
In base 10, what is 7 + 8?
15
In base 12, what is 491 - -2?
493
In base 2, what is -101 + -11010111?
-11011100
In base 7, what is -2 + -5314?
-5316
In base 16, what is -2 + -18ab?
-18ad
In base 7, what is 23 - 651?
-625
In base 15, what is 769a + -2?
7698
In base 4, what is 1101 + 11?
1112
In base 16, what is -1 + 5?
4
In base 14, what is -4 - -14?
10
In base 14, what is -1 - c89?
-c8a
In base 7, what is -160266 - 0?
-160266
In base 10, what is -2 + -126?
-128
In base 10, what is 96 - -5?
101
In base 4, what is -2 + -323?
-331
In base 10, what is 2251 - -2?
2253
In base 15, what is 1a + -13d?
-123
In base 7, what is 13 + -34?
-21
In base 2, what is 11010 - -111?
100001
In base 4, what is -200013 + -2?
-200021
In base 5, what is 4413 - 4?
4404
In base 12, what is 37a0 - -4?
37a4
In base 16, what is 0 - -116?
116
In base 8, what is 176 - 3?
173
In base 13, what is 6 - -1ab?
1b4
In base 8, what is -1 + 11176?
11175
In base 9, what is -178 + 2?
-176
In base 7, what is 4 - -62?
66
In base 16, what is 93 - 0?
93
In base 13, what is -70 - 2?
-72
In base 9, what is 21 + -56?
-35
In base 10, what is -5 - -34?
29
In base 12, what is 520 - 0?
520
In base 5, what is -140000 - -4?
-134441
In base 9, what is 6 - -310?
316
In base 6, what is 320 + 3?
323
In base 7, what is 31 + 1?
32
In base 15, what is bb + -3?
b8
In base 10, what is -1 - 63?
-64
In base 10, what is -5 - -23?
18
In base 10, what is -1 - -6400?
6399
In base 16, what is 35 + 3?
38
In base 11, what is -13 - 1146?
-1159
In base 8, what is 4 - -24?
30
In base 5, what is 41 + 2?
43
In base 11, what is -36 + 0?
-36
In base 5, what is -101414 - -10?
-101404
In base 5, what is -10 + 40?
30
In base 10, what is -341 + 3?
-338
In base 16, what is 3 + adb?
ade
In base 12, what is 368 + -2?
366
In base 8, what is -22 - -11?
-11
In base 13, what is -2 + -338?
-33a
In base 2, what is -1011110000001 + -10?
-1011110000011
In base 2, what is 111011 + -10100?
100111
In base 6, what is -413 - -3?
-410
In base 13, what is 1b + -7?
14
In base 15, what is 1c7 + -c?
1ba
In base 8, what is 1 + -126?
-125
In base 8, what is -4 - 36?
-42
In base 10, what is -139 + 16?
-123
In base 16, what is 93 + 1?
94
In base 16, what is d + -4?
9
In base 10, what is -7 - 181?
-188
In base 15, what is -1d + 12?
-b
In base 11, what is 10 - a?
1
In base 16, what is -2 - -1a2?
1a0
In base 13, what is 148 - -3?
14b
In base 10, what is -5 + 590?
585
In base 3, what is -12012 - -10?
-12002
In base 11, what is -6 + -10?
-16
In base 16, what is -39f - -1?
-39e
In base 13, what is 4 - 3?
1
In base 7, what is 2 + 116?
121
In base 8, what is 4 - -167?
173
In base 11, what is -1 + 82?
81
In base 5, what is 1 - -41?
42
In base 5, what is -3 + 0?
-3
In base 16, what is -3 + -1441?
-1444
In base 11, what is -3 - -2799?
2796
In base 16, what is -1 + -48?
-49
In base 11, what is 3 - 416?
-413
In base 5, what is -2142 - 4?
-2201
In base 3, what is 11 + -220000?
-212212
In base 4, what is 0 - 120?
-120
In base 9, what is -16 - 28?
-45
In base 6, what is -1432 + -3?
-1435
In base 13, what is -1 - 24?
-25
In base 5, what is 1 + -102?
-101
In base 10, what is -131 - -59?
-72
In base 8, what is -1705 - -12?
-1673
In base 16, what is 11 - -5?
16
In base 5, what is 220 + 31?
301
In base 13, what is 2 - -cb?
100
In base 9, what is -2 + -46?
-48
In base 8, what is -105 - 7?
-114
In base 12, what is -7aa + -3?
-7b1
In base 11, what is 2a + 24?
53
In base 7, what is 3 - 560?
-554
In base 13, what is 1 + c9?
ca
In base 3, what is 11 - -2010?
2021
In base 6, what is 112 + 3?
115
In base 10, what is 124 - 4?
120
In base 16, what is 51 - -9?
5a
In base 11, what is -84 - 4?
-88
In base 14, what is a + -3?
7
In base 2, what is 1101010100100111 + 1?
1101010100101000
In base 11, what is -1aa - 49?
-248
In base 13, what is 1 + -4a?
-49
In base 2, what is 100 - -11001011?
11001111
In base 6, what is 5 + -5?
0
In base 2, what is -1100011 + -101?
-1101000
In base 9, what is -8 + -27?
-36
In base 10, what is 21 + 10?
31
In base 11, what is 1511 - -2?
1513
In base 10, what is -2689 + 0?
-2689
In base 10, what is 20 - 98?
-78
In base 7, what is 4 + 352?
356
In base 5, what is -2302 - -10?
-2242
In base 15, what is -1 + 45?
44
In base 11, what is -4012 - 2?
-4014
In base 8, what is 22 - -30?
52
In base 12, what is -175b + 4?
-1757
In base 6, what is 3 + -2111?
-2104
In base 3, what is -111 - -2100?
1212
In base 10, what is 12 + -2?
10
In base 10, what is -1702 + -1?
-1703
In base 9, what is 0 - -42?
42
In base 7, what is -3543 + 10?
-3533
In base 9, what is -360 + 3?
-356
In base 11, what is 15 - 53?
-39
In base 8, what is 345 + -11?
334
In base 2, what is -11 + -1110001000?
-1110001011
In base 11, what is 39a - 5?
395
In base 2, what is 1101 - -110100?
1000001
In base 10, what is 21 + 249?
270
In base 2, what is -100 - -100001101?
100001001
In base 2, what is 11011101110 - -1?
11011101111
In base 3, what is 1011022 + 10?
1011102
In base 10, what is 4 + 4485?
4489
In base 15, what is 7cbd - 5?
7cb8
In base 14, what is 105 + b?
112
In base 6, what is 50 - -14?
104
In base 8, what is 24 - -6?
32
In base 13, what is -10 + -27?
-37
In base 4, what is 2212 + 2?
2220
In base 12, what is 4 - -3909?
3911
In base 15, what is -1a - -109?
de
In base 10, what is 0 - -324?
324
In base 12, what is -5a - -1?
-59
In base 16, what is -38 - 1?
-39
In base 5, what is 1112 - 3?
1104
In base 6, what is -203 + -1?